 are the prime factors of 24239510?
2, 5, 2423951
List the prime factors of 588403234.
2, 10247, 28711
What are the prime factors of 419562171?
3, 7, 73, 91229
List the prime factors of 480525568.
2, 23, 81611
What are the prime factors of 122443727?
7, 53, 330037
What are the prime factors of 196463356?
2, 17, 169951
What are the prime factors of 89367846?
2, 3, 43, 97, 3571
List the prime factors of 40207318.
2, 20103659
What are the prime factors of 59878738?
2, 29939369
List the prime factors of 35086661.
23, 1525507
List the prime factors of 7597406.
2, 23, 165161
List the prime factors of 197714376.
2, 3, 2746033
List the prime factors of 18803309.
7, 17, 22573
List the prime factors of 4596899993.
7, 43, 631, 24203
List the prime factors of 61816863.
3, 20605621
List the prime factors of 3612362203.
31, 116527813
List the prime factors of 35297338.
2, 17, 1038157
What are the prime factors of 62092659?
3, 31, 449, 1487
List the prime factors of 249615917.
249615917
List the prime factors of 2405012975.
5, 251, 487, 787
List the prime factors of 1749076365.
3, 5, 17, 6859123
List the prime factors of 844182452.
2, 31, 6807923
What are the prime factors of 187667714?
2, 13, 89, 81101
What are the prime factors of 74149068?
2, 3, 7, 882727
List the prime factors of 2131492761.
3, 31, 7639759
List the prime factors of 404836344.
2, 3, 11, 19, 26903
List the prime factors of 148096185.
3, 5, 29, 340451
List the prime factors of 684790269.
3, 613, 372371
List the prime factors of 407907568.
2, 293, 87011
List the prime factors of 4311035078.
2, 7, 29, 10618313
List the prime factors of 58327253.
58327253
What are the prime factors of 59066042?
2, 7, 373, 11311
What are the prime factors of 5303613118?
2, 197, 2447, 5501
List the prime factors of 234979298.
2, 117489649
What are the prime factors of 26842792?
2, 3355349
List the prime factors of 465206818.
2, 232603409
What are the prime factors of 61738173?
3, 7, 326657
What are the prime factors of 4130638479?
3, 11, 173, 241177
List the prime factors of 56412301.
11, 5128391
What are the prime factors of 267868828?
2, 73, 421, 2179
What are the prime factors of 1642605125?
5, 7, 823, 2281
What are the prime factors of 179496424?
2, 4691, 4783
What are the prime factors of 8301294?
2, 3, 461183
List the prime factors of 108340632.
2, 3, 501577
What are the prime factors of 66927367?
13, 19, 270961
What are the prime factors of 6167491681?
13, 61, 1109, 7013
What are the prime factors of 744862565?
5, 17, 2767, 3167
List the prime factors of 1141523705.
5, 7, 19, 1716577
List the prime factors of 2230125841.
17, 2111, 62143
What are the prime factors of 1196106835?
5, 7, 11, 23, 135077
List the prime factors of 28137292.
2, 7034323
What are the prime factors of 4675164905?
5, 251, 3725231
What are the prime factors of 194585197?
1823, 106739
List the prime factors of 3760952275.
5, 150438091
List the prime factors of 455461793.
6299, 72307
List the prime factors of 2613963331.
7, 373423333
What are the prime factors of 589231720?
2, 5, 7, 11, 113, 1693
What are the prime factors of 1662102712?
2, 10169, 20431
List the prime factors of 31446457.
7, 829, 5419
What are the prime factors of 29516075?
5, 1180643
List the prime factors of 1204780242.
2, 3, 17, 283, 41737
List the prime factors of 626419922.
2, 313209961
List the prime factors of 1812198086.
2, 906099043
What are the prime factors of 221967504?
2, 3, 11, 17, 8243
What are the prime factors of 630485028?
2, 3, 2237, 7829
What are the prime factors of 7309203621?
3, 73, 33375359
What are the prime factors of 529137187?
4567, 115861
What are the prime factors of 5006044057?
7, 19, 4793, 7853
List the prime factors of 4950525.
3, 5, 149, 443
List the prime factors of 850650534.
2, 3, 41, 1152643
What are the prime factors of 2861453?
7, 23, 2539
List the prime factors of 34617459.
3, 37, 311869
What are the prime factors of 4638603664?
2, 1151, 251879
What are the prime factors of 326297068?
2, 81574267
List the prime factors of 1976621456.
2, 163, 311, 2437
List the prime factors of 1483565950.
2, 5, 29671319
What are the prime factors of 1447898470?
2, 5, 144789847
What are the prime factors of 150812459?
7, 2857, 7541
What are the prime factors of 48496954?
2, 11, 17, 129671
What are the prime factors of 123225493?
47, 2621819
What are the prime factors of 27719001?
3, 283, 10883
What are the prime factors of 178617554?
2, 29, 3079613
List the prime factors of 36650215.
5, 7, 17, 31, 1987
What are the prime factors of 341245881?
3, 37916209
List the prime factors of 348677595.
3, 5, 7, 241, 1531
What are the prime factors of 147797082?
2, 3, 17, 131, 1229
List the prime factors of 128380274.
2, 11, 29, 1663
What are the prime factors of 55414237?
17, 3259661
List the prime factors of 10381393.
11, 943763
What are the prime factors of 85718031?
3, 7, 4081811
List the prime factors of 34133368.
2, 811, 5261
What are the prime factors of 20027536?
2, 1251721
List the prime factors of 230081664.
2, 3, 359, 1669
What are the prime factors of 67946423?
67946423
What are the prime factors of 38690726?
2, 19, 1018177
What are the prime factors of 463588656?
2, 3, 9658097
List the prime factors of 1070681487.
3, 23, 1637, 9479
List the prime factors of 60392121.
3, 20130707
List the prime factors of 57916136.
2, 7239517
What are the prime factors of 395563690?
2, 5, 607, 65167
List the prime factors of 386817968.
2, 467, 51769
What are the prime factors of 81254678?
2, 19, 269, 7949
List the prime factors of 1253465137.
47, 97, 274943
What are the prime factors of 35512430?
2, 5, 3551243
What are the prime factors of 284832019?
101, 2820119
List the prime factors of 580518195.
3, 5, 109, 355057
What are the prime factors of 32307772?
2, 7, 1153849
List the prime factors of 10787938.
2, 7, 31, 53, 67
What are the prime factors of 63307199?
103, 614633
List the prime factors of 911599673.
37, 773, 31873
List the prime factors of 821873282.
2, 29, 14170229
What are the prime factors of 40593392?
2, 7, 293, 1237
List the prime factors of 569432829.
3, 7, 1879, 14431
What are the prime factors of 366060289?
7, 19, 1381, 1993
What are the prime factors of 2451056021?
2451056021
What are the prime factors of 193787848?
2, 24223481
List the prime factors of 1077619245.
3, 5, 8161, 8803
What are the prime factors of 8421640101?
3, 7, 151, 251, 3527
What are the prime factors of 183993224?
2, 22999153
List the prime factors of 209882482.
2, 103, 193, 5279
List the prime factors of 140448538.
2, 31, 127, 17837
List the prime factors of 1820278665.
3, 5, 40450637
What are the prime factors of 55369997?
4513, 12269
What are the prime factors of 250275457?
563, 444539
List the prime factors of 152825329.
1361, 112289
List the prime factors of 441065698.
2, 29, 7604581
What are the prime factors of 32108456?
2, 4013557
List the prime factors of 190519827.
3, 223, 284783
List the prime factors of 128752731.
3, 179, 229, 349
List the prime factors of 25227097.
7, 3603871
List the prime factors of 1863224244.
2, 3, 7, 37, 199831
List the prime factors of 195927193.
7, 11, 17, 1237
List the prime factors of 99790976.
2, 779617
What are the prime factors of 15546620?
2, 5, 23, 33797
List the prime factors of 4911622975.
5, 7, 23, 89, 13711
List the prime factors of 115660007.
115660007
What are the prime factors of 150866558?
2, 2909, 25931
List the prime factors of 1527139171.
10103, 151157
List the prime factors of 327645139.
19, 17244481
What are the prime factors of 81321259?
659, 123401
What are the prime factors of 5159636008?
2, 167, 3862003
What are the prime factors of 157313331?
3, 7, 19, 6917
List the prime factors of 128783361.
3, 7, 139, 44119
List the prime factors of 124045.
5, 24809
List the prime factors of 332309843.
332309843
List the prime factors of 233143150.
2, 5, 4662863
What are the prime factors of 424964603?
7, 2213, 3919
What are the prime factors of 2291444769?
3, 809, 944147
List the prime factors of 3892624185.
3, 5, 4421, 58699
List the prime factors of 785748677.
7, 112249811
What are the prime factors of 104570100?
2, 3, 5, 116189
What are the prime factors of 73829773?
73829773
What are the prime factors of 66652390?
2, 5,